{"id":72,"date":"2018-12-22T13:50:01","date_gmt":"2018-12-22T13:50:01","guid":{"rendered":"https:\/\/huwa-engineering.ch\/?page_id=72"},"modified":"2024-11-22T18:10:57","modified_gmt":"2024-11-22T18:10:57","slug":"kontakt","status":"publish","type":"page","link":"https:\/\/www.huwa-engineering.ch\/?page_id=72","title":{"rendered":"Lageplan"},"content":{"rendered":"<h3 style=\"text-align: center;\"><span style=\"font-size: 24pt;\"><span style=\"font-size: 14pt;\">HuWa Engineering GmbH<br \/>\nTalacherstrasse 7<\/span><br \/>\n<span style=\"font-size: 14pt;\">6340 Baar<\/span><br \/>\n<\/span><\/h3>\n<p style=\"text-align: center;\"><span style=\"font-size: 14pt;\">Tel: 041 741 88 44<\/span><\/p>\n<p style=\"text-align: center;\"><span style=\"font-size: 14pt;\">E-Mail: <a href=\"mailto:info@huwa-engineering.ch\" target=\"_blank\" rel=\"noopener\">info@huwa-engineering.ch<\/a><\/span><\/p>\n<p>&nbsp;<\/p>\n<p><a href=\"https:\/\/search.ch\/tel\/baar\/talacherstrasse-7\/huwa-engineering-gmbh\"><img loading=\"lazy\" decoding=\"async\" class=\"size-medium wp-image-216 aligncenter\" src=\"https:\/\/huwa-engineering.ch\/wp-content\/uploads\/2024\/11\/talacherstrasse-300x237.jpg\" alt=\"\" width=\"300\" height=\"237\" srcset=\"https:\/\/huwa-engineering.ch\/wp-content\/uploads\/2024\/11\/talacherstrasse-300x237.jpg 300w, https:\/\/huwa-engineering.ch\/wp-content\/uploads\/2024\/11\/talacherstrasse.jpg 419w\" sizes=\"auto, (max-width: 300px) 100vw, 300px\" \/><\/a><\/p>\n<p>&nbsp;<\/p>\n<div id=\"main_bg\" class=\"banner1\">\n<div id=\"main_top\">\n<table class=\"contentpaneopen\" style=\"width: 96.4957%;\">\n<tbody>\n<tr>\n<td style=\"text-align: center; width: 100%;\" valign=\"top\"><b><span style=\"font-size: 24pt;\">Wegbeschreibung<\/span><\/b><\/p>\n<p><strong>Mit Fahrzeug:<\/strong><br \/>\nAutobahnausfahrt Baar \/Zug (Albis\/Aegeri\/Baar) benutzen und Richtung Aegeri<br \/>\nMenzingen Inwil (Mittlere Spur) fahren. <span style=\"font-family: inherit;\">Bis zum dritten Kreisel rechts Einspuren<br \/>\nund Richtung <\/span><span style=\"font-family: inherit;\">Inwil abzweigen. Gerade bleiben.<br \/>\n<\/span><span style=\"font-family: inherit;\">Wenn die 20 Zone erreicht ist, zischen dem Caf\u00e9-B\u00e4ckerei und dem Restaurant Ebel<br \/>\nlinks abbiegen. Die n\u00e4chste Abzweigung links \u00fcber die Br\u00fccke fahren. <\/span><\/p>\n<p>Unsere Werkstatt befindet sich unmittelbar rechts im Erdgeschoss mit den 4 grossen<br \/>\nToren. Dort kann man direkt davor parkieren.<\/p>\n<p><strong>Mit dem \u00f6ffentlichen Verkehr:<\/strong><\/p>\n<p>Mit der Buslinie 604 Richtung Rigistrasse \/ Inwil reisen. Dies ist ab Baar und Zug<br \/>\nm\u00f6glich. Es hat alle 15 Minuten einen Bus. 8 Minuten Fussmarsch Richtung Dorf.<\/p>\n<p>Ab Zug kann die Linie 614 benutzt werden, die Haltestellen sind Ebel oder Kirche.<br \/>\nHier gibt es alle 30 Minuten eine Verbindung.<\/p>\n<p>&nbsp;<\/td>\n<\/tr>\n<\/tbody>\n<\/table>\n<\/div>\n<\/div>\n<p>&nbsp;<\/p>\n<p>&nbsp;<\/p>\n","protected":false},"excerpt":{"rendered":"<p>HuWa Engineering GmbH Talacherstrasse 7 6340 Baar Tel: 041 741 88 44 E-Mail: info@huwa-engineering.ch &nbsp; &nbsp; Wegbeschreibung Mit Fahrzeug: Autobahnausfahrt Baar \/Zug (Albis\/Aegeri\/Baar) benutzen und Richtung Aegeri Menzingen Inwil (Mittlere Spur) fahren. Bis zum dritten Kreisel rechts Einspuren und Richtung Inwil abzweigen. Gerade bleiben. Wenn die 20 Zone erreicht ist, zischen dem Caf\u00e9-B\u00e4ckerei und dem &hellip; <\/p>\n<p class=\"link-more\"><a href=\"https:\/\/www.huwa-engineering.ch\/?page_id=72\" class=\"more-link\"><span class=\"screen-reader-text\">\u201eLageplan\u201c <\/span>weiterlesen<\/a><\/p>\n","protected":false},"author":1,"featured_media":0,"parent":0,"menu_order":0,"comment_status":"closed","ping_status":"closed","template":"","meta":{"footnotes":""},"class_list":["post-72","page","type-page","status-publish","hentry"],"_links":{"self":[{"href":"https:\/\/www.huwa-engineering.ch\/index.php?rest_route=\/wp\/v2\/pages\/72","targetHints":{"allow":["GET"]}}],"collection":[{"href":"https:\/\/www.huwa-engineering.ch\/index.php?rest_route=\/wp\/v2\/pages"}],"about":[{"href":"https:\/\/www.huwa-engineering.ch\/index.php?rest_route=\/wp\/v2\/types\/page"}],"author":[{"embeddable":true,"href":"https:\/\/www.huwa-engineering.ch\/index.php?rest_route=\/wp\/v2\/users\/1"}],"replies":[{"embeddable":true,"href":"https:\/\/www.huwa-engineering.ch\/index.php?rest_route=%2Fwp%2Fv2%2Fcomments&post=72"}],"version-history":[{"count":23,"href":"https:\/\/www.huwa-engineering.ch\/index.php?rest_route=\/wp\/v2\/pages\/72\/revisions"}],"predecessor-version":[{"id":229,"href":"https:\/\/www.huwa-engineering.ch\/index.php?rest_route=\/wp\/v2\/pages\/72\/revisions\/229"}],"wp:attachment":[{"href":"https:\/\/www.huwa-engineering.ch\/index.php?rest_route=%2Fwp%2Fv2%2Fmedia&parent=72"}],"curies":[{"name":"wp","href":"https:\/\/api.w.org\/{rel}","templated":true}]}}